**3 + 23*s**2 + 23*s + 20. Let w be n(-22). Let r be ((-185)/w)/(6/24). Suppose -7*o + 610 = -r. What is the tens digit of o?
4
Let t(f) = -42*f - 151. Let l be t(-25). Suppose -v + 408 = -l. What is the hundreds digit of v?
3
Let w = 9998 - 4496. What is the hundreds digit of w?
5
Let x = 910 - 270. Suppose 41*d + x = 45*d. Let j = -106 + d. What is the units digit of j?
4
Suppose 32*i + 28*i = 61*i - 7400. What is the tens digit of i?
0
Suppose 5*i - 31 = 244. Let m = 23 - i. Let u = m + 213. What is the tens digit of u?
8
Let b = -2 + -1. Let r(x) = -310 + 12*x - 307 - 71*x - 300 + 908. What is the tens digit of r(b)?
6
Suppose -2*j + 170 = -64. Suppose -3*p - m = 174, 101*p - 42 = 102*p - 5*m. Let w = p + j. What is the units digit of w?
0
What is the thousands digit of ((-5375)/(-215))/(((-1)/(-215))/1)?
5
Let d(n) = 14*n**2 - 90*n + 1004. What is the tens digit of d(22)?
0
Let y be 0 + (1986 - 7/((-14)/4)). Suppose 77*s = 79*s - y. What is the tens digit of s?
9
Let i be 48/(-14) - (-12)/(-21). Let f be 14*(i - (-12)/2). Let d = f - -47. What is the units digit of d?
5
What is the hundreds digit of (-4012)/153 - -26 - 136156/(-18)?
5
Let y(n) = 659*n**2 - 14*n + 26. Let a be y(2). Suppose a - 354 = 6*u. What is the tens digit of u?
8
Suppose 268*p = 494422 - 953777 + 6198843. What is the units digit of p?
6
Let z(j) = -j**2 - 24*j + 10. Let o(h) = -h**2 + 19*h - 1. Let g be o(20). Let i be z(g). Suppose i + 20 = 3*f. What is the units digit of f?
1
Let r(v) be the third derivative of -v**5/60 - 11*v**4/12 - 17*v**3/2 + 3*v**2. Let u be r(-17). What is the units digit of (-3)/2 + 8585/u?
1
Let l be 114/(-18) + 7 - 2/3. Suppose 0*z + s - 21 = -4*z, 2*s + 6 = l. Suppose -673 = -3*u + z*x - 2*x, 5*x = -20. What is the hundreds digit of u?
2
Let g be 1/1 - 2 - (1 - 5). Let o be -3 + (-2 - (-21)/g) + 2. What is the units digit of 353/o + (-18)/(-24)?
9
What is the tens digit of -6 + (-70)/(-14) - -47986?
8
Let g(d) = 7*d - 8. Let u be g(-2). Let p = 3 - u. Let t = p + -18. What is the units digit of t?
7
Let k(o) = 15*o**2 - o - 1. Let j be k(1). Suppose j*u = 17*u - 168. Let i = u - 15. What is the tens digit of i?
2
Let q = 109 - 104. Suppose q*d - 1414 = -2*y - 353, 2*y - 1101 = 3*d. What is the tens digit of y?
4
Let r be (104/130)/((-2)/(-75)). What is the hundreds digit of 2*-173*(-15)/r?
1
Suppose -16*g + 195488 + 493600 = 0. What is the ten thousands digit of g?
4
Let h(t) be the second derivative of t**3/6 - 9*t**2/2 - 12*t. Let l be h(17). Suppose 0 = 2*n + l, -5*r + 2*n = -55 - 108. What is the tens digit of r?
3
Let t be (168/16)/((-6)/(-16)). Let a(c) = -3*c**3 + c**2 - c. Let g be a(-4). Suppose 5*p = t + g. What is the tens digit of p?
4
Suppose p + 8 = 2*r, 7*p = -r + 10*p + 9. Suppose 2*v + r*w - 211 = 0, 2*v - w = 3*w + 218. What is the hundreds digit of v?
1
Let b = -20 - -20. Suppose 0 = -4*q - 4*y + 16, b*q + 13 = 4*q + y. Suppose 2*g - 37 = -5*z, -3*g + 2*g = -q*z - 24. What is the tens digit of g?
2
What is the hundreds digit of -21 - (-34)/(680/224100)?
1
Let x = 341 + 27. What is the hundreds digit of 15/((-360)/x)*-9?
1
Let m(c) = -c**3 - 9*c + 1. Let q be m(7). Let z = 4885 + -4226. Let g = z + q. What is the units digit of g?
4
Let v be 2 + (-20)/11 - 357/(-33). Let k(r) = v - 6*r - 41 - 12 - 7*r. What is the tens digit of k(-10)?
8
Suppose 2*j - 2 = -6, -2*f + 30 = -4*j. Suppose -f*h + 16132 = -280. What is the thousands digit of h?
1
Let b(z) = 1213*z + 1212. What is the thousands digit of b(12)?
5
Let p = 182 + -163. Suppose -p*j = -11373 - 11731. What is the tens digit of j?
1
Let h(l) = 14*l**2 - l**3 + 21*l + 7*l - 25 - 14*l. What is the hundreds digit of h(14)?
1
What is the ten thousands digit of (2 - 6)*(-8 + 117/13 + -6125)?
2
Suppose 4*s - 4*g = 4, -g = -5*s + 14 - 1. Suppose -2*v - 1857 = -3*m, -5*m + 3718 - 624 = -s*v. What is the units digit of m?
7
Suppose 126445 = 5*t + 4*w, -21*w - 25 = -26*w. What is the ten thousands digit of t?
2
Let y(q) = 2*q**2 - 27*q + 30. Let v be y(12). What is the units digit of (v/5)/((-63)/30765)?
6
Let n(a) = a**3 - 110*a**2 + 159*a - 293. What is the ten thousands digit of n(111)?
2
Let f be (147 + -153)/(3*-1*1). Suppose -5*g + 4*u + 2600 = 0, -4*g = f*u + 199 - 2279. What is the units digit of g?
0
Let d = 76 - 68. Suppose 0 = n - 1, 5*o - 3*n + n = d. What is the units digit of o/((-4)/(-10))*6?
0
Suppose c = -h + 6*h + 7012, -14000 = -2*c + 4*h. What is the tens digit of c?
9
Suppose 0 = -21*s - 9*s + 180. Suppose -2*p - 2094 = -3*l, 0 = 3*p - 3 - s. What is the hundreds digit of l?
7
Suppose -3*f = 2*v - 114542, -2*f = 25*v - 31*v - 76354. What is the ten thousands digit of f?
3
Let l be -3 - -4 - (-1 + 0). Suppose -l*d + 150 = -4*g, 3*d - 153 = d + 5*g. Suppose -68*p = -d*p + 19. What is the units digit of p?
9
Let u(l) = -7*l + 30. Let a be u(7). Let w(r) = -r**3 - 18*r**2 - 2*r + 43. What is the units digit of w(a)?
2
Let o(g) = -207*g**3 - 91*g**2 + 3*g - 7. What is the units digit of o(-4)?
3
What is the units digit of ((-173100)/(-9))/((-170)/(-255))?
0
What is the thousands digit of (-9 - (-297387)/45) + 6/15?
6
Suppose -10*r + 14 = 4*p - 11*r, 0 = 3*r + 6. Suppose p*y - 4*d = -3*d + 740, 0 = 5*d + 25. What is the tens digit of y?
4
Let l be (-2)/(-8)*(4 + -4). Suppose -n + 1 = l, -4*k = 2*n + 2*n - 32. Suppose k*m - 337 - 188 = 0. What is the units digit of m?
5
Suppose 3*o - 41352 = 14*z + z, -2*z - 10 = 0. What is the tens digit of o?
5
Let l(u) be the second derivative of -u**5/20 - 5*u**4/4 + 5*u**3/3 - 6*u**2 - 3*u. Let v be ((-133)/9 - 1) + (-26)/117. What is the units digit of l(v)?
4
Let f = -12921 - -49783. What is the hundreds digit of f?
8
Suppose -2*d + 3 - 1 = 0, 0 = -3*f - d + 19. Suppose -11*v = -f*v - 600. What is the tens digit of -3*((-2744)/v - 2/(-10))?
6
Suppose i = 2*t - 80, -3*i - 49 + 14 = -t. Suppose 8*f + 40392 = t*f. What is the tens digit of f?
2
Let m(b) = -b**3 + 11*b - 15. Let f be m(-6). Suppose -2*i + 3*c + 616 = 0, f = i + c - 178. What is the hundreds digit of i?
3
Let r = 3081 + -1654. What is the units digit of r?
7
Let z(q) = 1087*q - 1357. What is the hundreds digit of z(5)?
0
Suppose -2*w + 1672 = -30*u + 34*u, 2*w - u - 1652 = 0. What is the units digit of ((-9)/(-12))/(4971/w + -6)?
7
Suppose -q = a - 0*a + 5, 0 = 5*a + 20. Let b = q - -32. Suppose -4*c + 187 = b. What is the tens digit of c?
3
Let f(l) = -l**2 - 4 - 4 + 2 - 30*l. What is the units digit of f(-17)?
5
Suppose 2*r + 7 = 11. Let w(b) = 24*b**r - 2*b - 18*b**2 - 2*b - 5. What is the units digit of w(-2)?
7
Let a = -15300 + 28487. What is the units digit of a?
7
What is the tens digit of (-6)/234*-553677 + ((-30)/39)/(-5)?
9
What is the hundreds digit of (91 - -5)*(-2934)/(-27)?
4
Let f(t) = -5*t**2 - 21*t. Let a be f(-4). Suppose 4*k = 2*x + 22, -3*x - 2*k = -a*k + 25. Let o(l) = -5*l + 28. What is the units digit of o(x)?
3
Let g(b) = 2*b**3 + 2*b - 6*b + 9*b**3 - b**2 - 4 - 15*b**3. What is the hundreds digit of g(-4)?
2
Suppose 97*y + 32*y = 79722. What is the units digit of y?
8
Let r = 48 + 5900. What is the tens digit of r?
4
Suppose -167*n + 236*n + 285*n - 1046778 = 0. What is the thousands digit of n?
2
Let n(y) = -y + 2. Let x be 9/45 - (-11)/(-5). Let h be n(x). Let r = 26 + h. What is the units digit of r?
0
What is the units digit of (624/(-91) - 6)*-1085?
0
Let w be ((-21)/(-14))/((2 - 0)/1028). Suppose -30*i - w = -31*i. What is the units digit of i?
1
Suppose -49*f + 363688 = 3*f. What is the hundreds digit of f?
9
Suppose 0 + 1 = -r. Let l be (-50)/(-3)*30/(-250)*10. What is the units digit of r/5 - 144/l?
7
What is the units digit of 7 + (55787 - -10) + -3*24/(-9)?
2
Let b(n) = -4*n**3 - 41*n**2 - 47*n - 902. What is the tens digit of b(-22)?
8
What is the units digit of 7234 + (14/(-42))/(4/(-12))?
5
Suppose -n - 4*w + 3*w = -279, 0 = -w + 4. Suppose 4*o + 805 = 5*k - n, -3*k + 648 = -2*o. What is the units digit of k?
6
Let p(b) = 172*b + 548. What is the thousands digit of p(30)?
5
Suppose 67*x - 789225 = 287331. What is the hundreds digit of x?
0
Suppose -4*m = 2*q - 9116, 4*m + 1 = 5. Suppose -8*k + 7380 = -q. What is the thousands digit of k?
1
Let r(a) = -4*a - 108. Let z be r(-27). Suppose z = -c - 2*d + 816 + 445, 4*d - 